5*c - g - 45. Let z(v) = v + 2. What is z(c)?
-6
Let v(t) = t + 1. Suppose -2*q + 12 = -0*q. Let w = q + -4. Suppose -w*l = l - 12. What is v(l)?
5
Suppose 2*n = 4*g + 24, 27*g = 30*g - 5*n + 4. Let z(r) = r + 15. Calculate z(g).
7
Let f(r) = -19*r**2 - 18*r + 16. Let q(d) = -7*d**2 - 6*d + 5. Let k(h) = 3*f(h) - 8*q(h). Determine k(-8).
-8
Suppose 7 = 5*y - 3. Let f(n) = -6*n - 4*n - 1 + y*n**2 + 9*n. Suppose -14 = -0*k - 7*k. Determine f(k).
5
Let u(v) = 1 - 7*v + 5*v + 6*v + 2*v. Determine u(-4).
-23
Let v(n) = 2*n - 2. Let f(m) = -m**2 + 8*m + 4. Let o be f(8). Calculate v(o).
6
Let c(l) = -2*l**2 + 1. Let n(f) = 3*f**2 - 4*f + 2. Let x(d) = -2*c(d) - n(d). What is x(3)?
17
Suppose 0*r = -r + 2. Let b(i) = -31 + 3*i**2 + 33 + r*i - 4*i**2. Let f = -6 - -10. Give b(f).
-6
Let i be 3 + -1 - (-17 - -10). Let b(g) = -5*g + 2. Let f be b(-2). Let m = i - f. Let x(q) = 2*q**2 + 3*q + 1. Give x(m).
10
Let y(f) = 4*f**3 + 2*f**2 - 2*f + 1. Let d = -93 + 94. Determine y(d).
5
Let m be (-3*(-2)/18)/((-7)/(-1218)). Let t = -58 + m. Let r(a) = a**2 + a - 2. What is r(t)?
-2
Let w(u) = 0*u**2 - 23 - 9*u + 13*u**2 - 4*u**3 - 7*u**2 + 3*u**3 - 12*u**2. Calculate w(-5).
-3
Suppose 4*l + 5 = 2*v + 7, 4*v = -5*l - 4. Let w(m) be the second derivative of m**3/6 - 15*m**2/2 - 9*m. What is w(l)?
-15
Let o(s) = s**3 + 2*s**2 + s. Let x(v) = 3*v**2 + v - 1. Let q(d) = -3*o(d) + 2*x(d). Calculate q(-2).
24
Let t = 3 + -6. Suppose -7*q = 5*b - 4*q, -4*q = -2*b. Let p(x) = 3 - x + 0 + 2*x + b. Calculate p(t).
0
Let o(i) be the third derivative of i**5/60 - i**4/4 + i**3/3 + 40*i**2. Suppose 18 = -s + 4*s. What is o(s)?
2
Let g(u) = 14*u**2 - 16*u - 11884 + 11905 - 13*u**2. Give g(15).
6
Let y be (1/2)/(8 + (-490)/60). Let q = 0 + 2. Let g(i) = -3 - 1 + i**2 - 4*i**q - i**3. Calculate g(y).
-4
Let f(w) be the third derivative of w**4/8 - w**3/6 + 2*w**2. Suppose -21*d = -8*d - 13. What is f(d)?
2
Let u(n) = 2*n**2 - 17*n + 1. Suppose -44*s = -50*s + 42. Give u(s).
-20
Let u(z) be the third derivative of z**4/24 + 2*z**3/3 + 5*z**2. Suppose -14 = 3*s - 2. Give u(s).
0
Let v(b) = 2*b - 4. Let d(f) = -3*f + 6. Suppose 3*s - l - 20 = -s, 4*s = -l + 12. Let o be s/(-16) + 54/(-8). Let a(w) = o*v(w) - 5*d(w). Determine a(2).
0
Let t(x) = x**3 + 0*x**3 + 260*x - 257*x + x**3 + 1 + 3*x**2. What is t(-2)?
-9
Let u(f) = -2*f**2 + 2*f + 4. Let s(m) = -m**3 - 3*m**2 + 13*m + 13. Let h be s(-5). Let i(c) = 11*c + 25. Let t be i(h). Give u(t).
-8
Let w(t) = -3*t. Let x(m) = -22*m - 1. Let c(f) = 18*w(f) - 2*x(f). What is c(2)?
-18
Let j(o) = 3*o**3 + o**2 - o + 1. Let z be j(1). Let t(f) = -1 - 8*f - z - f**2 + 1 - 4. Let d(m) = 2*m**3 + 4*m**2 + 3*m. Let x be d(-2). What is t(x)?
4
Let q(n) = -3*n + 79*n**2 + 69*n**2 - 147*n**2 + 3. Let t be q(2). Let h(l) = 5*l - 3*l**2 - 4*l - 7*l**3 + 2*l**2 + 0*l**2. Determine h(t).
-7
Let g = -13 + 15. Let k(o) = -2*o + 2*o - 4*o**2 + 7*o + 2 + o**3 - 3*o**g. What is k(5)?
-13
Let o(z) = -9 + 3*z + 0*z - 3*z - 4*z. Let s be o(-3). Let h(l) be the second derivative of -l**4/12 + l**3 - l**2/2 + l. Calculate h(s).
8
Let q(d) = -5*d**2 - 3*d + 25. Let s(c) = -2*c**2 - c + 9. Let r(y) = -6*q(y) + 17*s(y). Calculate r(2).
-11
Let g(m) = -379*m**2 + 774*m**2 - m**3 + 2 - 389*m**2 - 5*m. Suppose -5*o + 5 = -4*c, 0*o + 5*c - 45 = -4*o. Determine g(o).
2
Let s(h) = -2*h**2 + 4*h + 5. Suppose 0 = -150*z + 146*z + 20. What is s(z)?
-25
Let k(o) be the second derivative of -o**5/20 - 7*o**4/12 + 2*o**2 - 10*o. Suppose -r + 5*v - 12 = 0, 6*v - 4 = 2*v. Calculate k(r).
4
Let j(f) = 6*f + 2. Let u(p) = -2 + 1 - 5*p + 17*p + 6. Let q(r) = 7*j(r) - 3*u(r). Calculate q(1).
5
Suppose 2*m = 3*m. Suppose 5*g - 3 = -4*l - 12, -4*g - 2*l - 6 = m. Let u(j) = 2*j + 107. Let r(w) = 5*w + 294. Let y(z) = -4*r(z) + 11*u(z). What is y(g)?
-1
Let o be ((-8)/(-16))/(2/4). Let r(i) = -4*i - 7*i**2 + 3*i - i - o. Calculate r(-1).
-6
Suppose -7*g - 8*g = -15. Let r(b) = -6*b**2 - b + 1. Determine r(g).
-6
Let u(f) = 1 + 1 - 3*f - 1 + 2. Suppose -20*j = -24*j + 20. What is u(j)?
-12
Suppose -2*l - 14*b + 29 = -9*b, l = 5*b - 8. Let f(i) = -i**2 + 7*i - 5. What is f(l)?
-5
Let l(y) = -y**3 + 8*y**2 - 7*y - 5. Suppose -5*k + 11 = 3*a, 4*a + 0*a - k - 30 = 0. Let z be l(a). Let f(x) = -x**3 - 4*x**2 + 4*x - 2. Determine f(z).
3
Let j be (((-52)/1)/4)/(-2 - -1). Let s(i) = j*i + 14*i - 28*i + 5. Let w(n) = n**2 - 5*n + 4. Let q be w(4). What is s(q)?
5
Let n(d) = d**2 + 3*d + 9. Suppose 3*s + 0*i = -4*i + 32, 5*s - 30 = -2*i. What is n(s)?
37
Let f = 161 - 157. Let x(u) = -7*u - 5. What is x(f)?
-33
Let o(w) = -w**3 + 3*w**2 + 10*w + 23. Let c(d) = d**3 - 4*d**2 - 9*d - 20. Let k(r) = -3*c(r) - 2*o(r). Calculate k(7).
14
Suppose 3*s = 2*l - 21, -4*l = 3*s - 0*s - 15. Suppose 3*a - b + 1 - 11 = 0, 3*a - 4*b - 22 = 0. Let d(v) = 5*v - 6*v + a*v - 6*v**2 - 5 + v**3. Calculate d(l).
1
Let l(d) = 4*d - 5. Let i(m) = m**3 - 8*m**2 + 8*m - 3. Suppose 5*j + 9 = 29. Suppose 3*t - t - j*n - 18 = 0, -6 = -t - n. Let p be i(t). Calculate l(p).
11
Let k = 8 + -5. Let s = -1 - -1. Let f(d) = s*d**2 + 1 + 0*d**2 - d**2 + 2*d. Calculate f(k).
-2
Suppose -5*r = -c - 3, -3*r - 8 = 3*c + 1. Suppose 0 = -0*w - 3*w - 5*b + 17, b - 4 = r. Let v(p) = 7*p**3 + p**2. Calculate v(w).
-6
Suppose -2*z - 320 = 14*z. Let g(r) = r + 29. Determine g(z).
9
Let v(h) = -h**3 - h**2 + h - 1. Let f(x) = -2*x**3 - 12*x**2 - 5*x - 16. Let m(t) = f(t) - 3*v(t). Let b = -232 - -242. Determine m(b).
7
Suppose -o - 2 = o. Let f(t) be the first derivative of 5*t**4/12 - 3*t + 12. Let k(q) be the first derivative of f(q). Determine k(o).
5
Let v(u) = -u + 1. Suppose -33*g - 2 = 31. What is v(g)?
2
Let y be (8/6)/(-4)*-9. Let p = y + -3. Let l be -3 + (4 - (p - -2)). Let t(k) = k**3 + 2*k**2 + k. What is t(l)?
0
Let l(w) be the first derivative of -w**3/6 - 5*w**2/2 + w - 1. Let t(s) be the first derivative of l(s). Let g be (-1288)/(-308) + 4/(-22). What is t(g)?
-9
Let i(l) be the second derivative of -l**4/4 + l**3/3 - 14*l**2 - 15*l. Let w(r) be the first derivative of i(r). Suppose 2*v - 2 - 2 = 0. Determine w(v).
-10
Let u(h) be the second derivative of h**3/6 + h**2 + h + 1017. Suppose 3*t - 15 = 0, 3*t = -3*n - t + 5. Calculate u(n).
-3
Let h(b) = 2*b + 4. Suppose 2*n - 186 = -4*n. Let d = n + -26. Determine h(d).
14
Let t(s) = -31*s - 399. Let a be t(-13). Let w(n) = n**2 - 6*n + 9. Give w(a).
1
Let p(g) = -g**2 + g - 1. Let o be p(2). Let m(k) = 0 - 3*k + 362*k**3 - 363*k**3 - 5*k**2 + 2. Calculate m(o).
-7
Let l(k) = -1 - 6*k + 5*k - 1 + 4*k**2 + 5*k. Let h(i) = -3*i**2 - 5*i + 1. Let g(j) = 3*h(j) + 2*l(j). What is g(-3)?
11
Suppose 2*s - 2*v = -6, 3*s + 2*v = 6*v - 10. Let k be 99/(-44) - s/8. Let x(n) = -3*n - 8*n - 3 + 12*n - 5*n - 3*n**2. Determine x(k).
-7
Let x(r) be the second derivative of -r**5/10 - 5*r**4/12 - r**3/2 - r**2/2 + 742*r. Determine x(-2).
1
Let t(d) = -d**3 + 2*d**2 - 4*d + 7. Let y(a) = -a**3 - a**2. Let q(u) = -t(u) + 2*y(u). Suppose -m + 321 = 219. Let k = m - 107. What is q(k)?
-2
Let m(y) = -y**3 - 5*y**2 - 3*y - 10. Let q be m(-5). Let h(n) be the third derivative of -n**6/120 + n**5/20 + 5*n**4/24 + 2*n**3/3 + 2*n**2. Give h(q).
-21
Let s(c) = -c**3 - 7*c**2 + 9*c + 4. Let i(a) = -12*a - 428. Let g be i(-35). Give s(g).
-4
Let p = 0 - -1. Suppose -13 = b - 5*g, 3*b + 2*b + 19 = 2*g. Let c be b/(6/(-4) + p). Let v(s) = -s**3 + 5*s**2 + 3*s + 7. Determine v(c).
-11
Suppose 10 = -21*z + 26*z. Let a(o) = 13*o**z - 8*o - 2 + o**3 + 7*o**2 - 27*o**2. Give a(8).
-2
Let y be (10/15)/(6/(-99)). Let j be (y + 9)*2/(-2). Let p(m) = j*m - 10 - m - 2 - m**2 + m**3. Determine p(0).
-12
Let z be 36 - -4*(-12)/16. Let c(b) = -4*b - 33 + z. Determine c(-3).
12
Suppose 272*f - 298*f - 468 = 0. Let q(z) = -z**3 - 19*z**2 - 17*z + 21. What is q(f)?
3
Let i(s) = 8*s + 1. Let d be (1/4)/((-27)/(-4) - 7). What is i(d)?
-7
Suppose 27 = 478*z - 487*z. Let k(f) = -f**2 - 3*f + 4. Determine k(z).
4
Let k(w) = w**3 + 12*w**2 + 10*w - 12. Let q be k(-11). Let x be (7 - (0 - -3)) + q. Let i be x*1/(-3)*-2. Let v(b) = -2*b**2 - 2*b + 2. What is v(i)?
-10
Let l(m) = m**3 + 10*m**2 + 2. Suppose -21 + 161 = -14*d. What is l(d)?
2
Let c(z) be the third derivative of z**9/60480 - z**8/4032 + z**7/1260 - z**6/360 